{"id":6,"date":"2025-07-05T16:22:47","date_gmt":"2025-07-05T16:22:47","guid":{"rendered":"https:\/\/recomecoanimal.org\/?page_id=6"},"modified":"2025-07-05T16:22:47","modified_gmt":"2025-07-05T16:22:47","slug":"a-doacao-falhou","status":"publish","type":"page","link":"https:\/\/recomecoanimal.org\/?page_id=6","title":{"rendered":"A doa\u00e7\u00e3o falhou"},"content":{"rendered":"<p>Sentimos muito, sua doa\u00e7\u00e3o n\u00e3o foi processada. Tente novamente ou entre em contato com o suporte do site.<\/p>\n","protected":false},"excerpt":{"rendered":"<p>Sentimos muito, sua doa\u00e7\u00e3o n\u00e3o foi processada. Tente novamente ou entre em contato com o suporte do site.<\/p>\n","protected":false},"author":1,"featured_media":0,"parent":0,"menu_order":0,"comment_status":"closed","ping_status":"closed","template":"","meta":{"give_campaign_id":0,"footnotes":""},"class_list":["post-6","page","type-page","status-publish","hentry"],"campaignId":"","_links":{"self":[{"href":"https:\/\/recomecoanimal.org\/index.php?rest_route=\/wp\/v2\/pages\/6","targetHints":{"allow":["GET"]}}],"collection":[{"href":"https:\/\/recomecoanimal.org\/index.php?rest_route=\/wp\/v2\/pages"}],"about":[{"href":"https:\/\/recomecoanimal.org\/index.php?rest_route=\/wp\/v2\/types\/page"}],"author":[{"embeddable":true,"href":"https:\/\/recomecoanimal.org\/index.php?rest_route=\/wp\/v2\/users\/1"}],"replies":[{"embeddable":true,"href":"https:\/\/recomecoanimal.org\/index.php?rest_route=%2Fwp%2Fv2%2Fcomments&post=6"}],"version-history":[{"count":0,"href":"https:\/\/recomecoanimal.org\/index.php?rest_route=\/wp\/v2\/pages\/6\/revisions"}],"wp:attachment":[{"href":"https:\/\/recomecoanimal.org\/index.php?rest_route=%2Fwp%2Fv2%2Fmedia&parent=6"}],"curies":[{"name":"wp","href":"https:\/\/api.w.org\/{rel}","templated":true}]}}